+ -1 - (-2)/3*(-2682)/(-12). What is the highest common divisor of 1424 and d?
16
Let g(s) = s**3 - 4*s**2 + 5*s + 1. Let h be g(4). Suppose 0 = -h*r + 2711 + 1447. What is the greatest common divisor of 36 and r?
18
Let j = -46 - -59. Suppose j*w = -213 - 281. Let c = 55 + w. What is the highest common divisor of 119 and c?
17
Let a(b) = b**2 + 83*b + 174. Let f be a(-81). Calculate the greatest common divisor of 6 and f.
6
Let v = -111 - -211. Let k = 132 - v. What is the greatest common factor of k and 2?
2
Let w = 3046 + -2906. Let q(v) = v**3 - 14*v**2 + 15*v - 6. Let x be q(13). Calculate the greatest common factor of w and x.
20
Let o = 266 + 280. Suppose 0 = -0*c - 2*c + 4*d + 354, 3*c - 3*d = o. Let n = 23 + -12. Calculate the highest common factor of c and n.
11
Suppose 5*u + 18 = -12. Let o be u/(-4)*92/6. Let s = o - 14. Calculate the greatest common factor of 36 and s.
9
Let k = -29 - -36. Suppose 2*t = k*t - r - 69, -3*t = -r - 41. Suppose 8*c - 3*w - 33 = 6*c, 2*w = 3*c - 57. What is the greatest common divisor of c and t?
7
Let b be (3/(9/(-2913)))/(-1) - -8. What is the highest common factor of b and 22?
11
Let l be (-4)/(-14) - (-12 + (-1521)/91). Calculate the greatest common factor of l and 1624.
29
Suppose -22*f - 35*f + 17*f = -16800. Calculate the greatest common divisor of 2625 and f.
105
Let g = 18019 - 17972. What is the highest common factor of 82485 and g?
47
Suppose 5*i - 4*g - 399 = 0, -i - 7*g = -2*g - 74. Let a = i - 78. Let f(u) = 28*u + 5. Let c be f(a). Calculate the greatest common divisor of 264 and c.
33
Let v be (5 - (-92)/(-20))*(-63 - -83). Let g(k) = k**3 + 9*k**2 + 4*k - 6. Let l be g(-7). Calculate the greatest common divisor of v and l.
8
Let p(h) = h**3 - 12*h**2 + h - 9. Let r be p(12). Suppose 14 = 2*u - r*c + 8*c, -16 = 4*c. What is the highest common factor of u and 425?
17
Let m be (-8)/(3/4 - 7/28). Let n be 3/(6*(-4)/m). Let l = 27 - 15. Calculate the highest common factor of n and l.
2
Suppose -3*l = -3*h - 345, -2*l + 11*h = 6*h - 227. Suppose -j - 121 = -6*w + 3*w, 0 = 3*w - 2*j - l. What is the highest common divisor of 210 and w?
42
Let k(y) = 1709*y**2 - 2*y - 1. Let g be k(-1). What is the greatest common divisor of 1520 and g?
190
Let d be (-48)/(-21) - 10/35. Suppose -2*q + 2*n = 0, -2*n = -4*q + 5 + 3. Suppose 0 = -q*k + 43 - 11. What is the greatest common factor of k and d?
2
Let k = 56 - 42. Suppose 19*q = k*q - y - 51, -5*y + 53 = -3*q. Let c(o) = -o - 7. Let b be c(q). Calculate the greatest common factor of b and 52.
4
Suppose 4*x + 100 = w, 123 = 3*w + 4*x - 113. Suppose 127*z - 6196 = 1805. What is the greatest common divisor of w and z?
21
Suppose 0*o - 2*o = -4*g - 22, -g + 62 = 4*o. Let v(d) = 6*d**3 - 260*d**2 + 94*d + 31. Let z be v(43). Calculate the highest common factor of z and o.
15
Let o = -12556 + 12586. Calculate the greatest common divisor of 2240 and o.
10
Suppose 17 - 227 = -7*g. Let p be 2/(-5) - (-132)/g. Let b = 167 + -115. What is the highest common factor of p and b?
4
Suppose 0 = 36*r - 24*r + 708. Let m be 0 + 61 + (-1)/1. Let n = m + r. What is the greatest common factor of n and 5?
1
Let y(t) = t**3 - 19*t**2 + 19*t - 13. Let s be y(18). Let a be 0 + 3 - 0/s. Let z be (-1071)/(-36) - a/(-12). What is the highest common factor of z and 10?
10
Suppose -245*c - 139284 = -722*c. Suppose 3*k + j - 224 = 0, -2*j + 3*j - 370 = -5*k. Calculate the highest common factor of k and c.
73
Suppose -5*a = 4*g + 178, -2*g + 3*g + 35 = -a. Let r = -32 - a. Suppose -r*x + x - 4*l = -144, x = -4*l + 32. Calculate the highest common factor of x and 28.
28
Let x(p) = 8*p**2 - 21*p + 27 + 2*p**2 + 8*p + 9*p + p**3. Let h be x(-9). Calculate the greatest common divisor of 18 and h.
18
Suppose 1907 = -3*x + 6*x + 125. What is the highest common divisor of x and 176?
22
Let r(j) = 0 - 12 + 4 - 82*j. Let z(v) = -81*v - 9. Let o(a) = -6*r(a) + 5*z(a). Let x be o(1). Calculate the highest common factor of x and 36.
18
Suppose 0 = -17*i + 40*i - 15*i - 2288. What is the highest common divisor of 2106 and i?
26
Suppose 3*m + 4*t - 5334 = 0, 2*m + 4*t - 3476 = 80. Calculate the highest common divisor of m and 11938.
254
Let o = -267 - -423. Suppose -117 = 3*k - o. Calculate the highest common divisor of k and 247.
13
Let f be 189/(-27) + (-1 - 1). Let z be (30/f)/(15/(-180)). Calculate the greatest common factor of z and 140.
20
Let k be 3 - 9 - (-4 - 0). Let t be 1197/14 - 1/k - 2. What is the highest common divisor of t and 12?
12
Suppose 16*c - 15*c - 3242 = -4*k, -2425 = -3*k - 4*c. Let t = -448 + k. Let x = -20 - -53. Calculate the highest common factor of x and t.
33
Suppose -7*d + 542 = 2*i, -2*d - 3*i + 150 = -0*d. Let v = -105 + 235. What is the highest common factor of v and d?
26
Let d(b) = -b**2 + 13*b + 8. Let q be d(14). Let f be (-149)/q - 25/30. What is the highest common factor of f and 54?
6
Let f(p) = -22*p - 19. Let s be f(-1). Suppose -4253 = -14*t + 11*t - 2*q, -t + s*q + 1414 = 0. Calculate the greatest common divisor of t and 13.
13
Let v be 3*(-2)/(-6) - 17 - 0. Let y be -41*v/12 + 1/3. Let o(x) = -22*x**3 + 2*x**2 + 2*x. Let w be o(-1). Calculate the greatest common divisor of w and y.
11
Let w = -195 + 201. Suppose 3*u - 141 = -7*f + w*f, 4*u - f - 195 = 0. Let c = 29 - 17. What is the highest common factor of u and c?
12
Let s be ((-1)/(-2))/((-21)/(-252)). Let t be -2 - 8*(s + -7). What is the greatest common factor of t and 26?
2
Suppose -8*j = -302 - 10. Suppose -5*i - 16 = j. Let y = 21 - i. What is the greatest common factor of y and 8?
8
Suppose -9*m - 22 = 2*m. Let s be (-20)/m - 0 - (-6)/(-6). Suppose 2*k - 13 - 8 = 3*t, -4*k + 39 = -3*t. Calculate the highest common divisor of k and s.
9
Suppose 2*n - 14 = 3*k + k, 0 = -2*k + 4. Let c be -15*3038/(-1395) + (-2)/(-6) + 0. What is the greatest common factor of c and n?
11
Let m = 231 + -28. Let p = 305 - m. Let k = -46 + p. What is the highest common divisor of k and 8?
8
Let d(x) = 44*x - 306. Let q be d(9). What is the highest common factor of q and 1125?
45
Let h be ((-19324)/10)/(602/(-215)) - 2/14. Calculate the highest common factor of h and 120.
30
Let p(d) = -2036*d - 18024. Let i be p(-9). What is the highest common factor of 23900 and i?
100
Suppose -3*o = 4*u - 123, -u - o + 31 = -0*o. Let p = 134 - u. Suppose -p = m - 9*m. What is the greatest common divisor of 117 and m?
13
Suppose -k + 7*k = -0*k + 36. What is the highest common factor of 1698 and k?
6
Let x be (-3)/9 - 200/(-6). Let u be 22*5/(-25)*(-1 + -4). Let w be 3*7/(21/u). Calculate the highest common factor of w and x.
11
Suppose -3*k - 13 = -5*a, -3*a + 8*a - 41 = -4*k. Suppose -2*z = -a*z + 66. Suppose 0 = -5*h + 2*h + 6. Calculate the greatest common factor of h and z.
2
Suppose 46*c - 63 = 25*c. What is the highest common factor of 807 and c?
3
Let m be (-4183)/(-329) - (-2)/7. Suppose 3*k = -5*j - k + 20, -5*j + 3*k = -20. Suppose -j*q + 57 = 5. What is the greatest common factor of m and q?
13
Suppose -149 = -8*l + 299. Suppose 2*z = -3*j + l + 169, 4*z - 452 = -4*j. Calculate the greatest common divisor of 190 and z.
38
Suppose 0 = r - 3*r + 10. Suppose r*g = 2*g + 1800. Suppose 2*u + g = 4*u. Calculate the greatest common divisor of u and 30.
30
Suppose 4*v = 5*s - 3899, 4 = -4*v + 5*v. Calculate the greatest common factor of 18 and s.
9
Let b = 106714 - 74175. What is the greatest common factor of 13 and b?
13
Let m(d) = -d**3 - 4*d**2 - 8*d - 7. Let r be m(-3). Let l be r/(-14) - (-156)/28. Suppose s - 132 = -l*s. What is the highest common divisor of s and 242?
22
Suppose -99*t + 94*t = 6*a - 627, 0 = -3*t - 3*a + 372. Calculate the greatest common divisor of t and 3573.
9
Let z(m) = 438*m - 540. Let i be z(2). Calculate the highest common divisor of 280 and i.
56
Let r(w) = 13*w - 32. Let j be r(8). Let n = 74 - j. Suppose 8 = y - h - 23, n*h = -2*y + 50. What is the highest common factor of y and 70?
14
Suppose -2*i = 2*i + 20, -2*y + 17 = -3*i. Let m be (6/4)/(y/142) + -4. Suppose -5*l + 84 = -11. What is the highest common divisor of m and l?
19
Let g(i) = i**3 - 3*i**2 - 7*i - 319. Let d be g(0). Let h = d + 557. Suppose -3*n = 15, -2*n + 7*n = -4*p + 111. What is the highest common factor of p and h?
